test common divisor of d and 2?
1
Let a = 366 + -318. Let p be ((-45)/30)/((-1)/16). Suppose 2*z - p = -2*z. What is the highest common divisor of z and a?
6
Suppose -17*q = -10*q - 763. Let u = 164 - q. Calculate the greatest common factor of u and 22.
11
Let h(i) = -5 - 11 + 5*i - 37 - 48*i. Let n = 1444 + -1449. Let x be h(n). Calculate the highest common factor of 18 and x.
18
Let u(w) = 12*w - 66. Let f be u(6). Let d be (11/3)/(f/54). What is the greatest common divisor of d and 6?
3
Let f = 1575 - 936. Let z be 4 + (-8 + f - 5). What is the highest common divisor of z and 18?
18
Suppose -119*i = 318*i - 204953. What is the highest common divisor of i and 56?
7
Let s = 42 + -29. Let j = 18 - s. Let x be j/10 + 25/2. Calculate the greatest common divisor of x and 26.
13
Let p = -14984 + 15083. What is the highest common factor of p and 341?
11
Suppose -13*i + 50*i - 1480 = 0. Calculate the greatest common divisor of i and 4120.
40
Let s be (-10)/(-2) + 286 + 4. Let v be (-2 + -5)*(-6)/21 + s. What is the greatest common divisor of v and 66?
33
Let v(u) = -4*u**3 - 65*u**2 - 34*u - 64. Let h be v(-16). What is the greatest common divisor of 32 and h?
32
Let n be 1/2 + 1/4*2. Let y(g) = 123*g - 5. Let l be y(n). Suppose 0*k - 2*k + 10 = 0, -l = -4*r + 2*k. Calculate the highest common divisor of 8 and r.
8
Let q(d) = 6*d + 7. Let y be q(16). Let s = 124 - y. Let i be ((-107)/(-5) - s/(-35))*4. What is the highest common divisor of 11 and i?
11
Suppose 474*a + 34*a - 59436 = 0. Let j = 292 + -123. What is the greatest common factor of j and a?
13
Let w = 700 - 429. Calculate the greatest common factor of w and 2.
1
Let s(m) = 18*m - 64. Let c be s(4). Let t(y) = -y**3 - 4*y**2 + 4*y + 7. Let i be t(-5). Calculate the greatest common divisor of i and c.
4
Suppose 0 = 2*b - 8, 0*v + v + 3*b - 1574 = 0. Calculate the highest common divisor of v and 88.
22
Suppose -32*n + 32 = -32. Let j(v) = 17*v**2 - 7*v + 2. Let r be j(n). Calculate the greatest common factor of r and 84.
28
Suppose 0 = 13*y - 3*y - 80. Let x be (-7940)/(-70) - y/(-14). Calculate the greatest common factor of x and 6.
6
Let l be (96/240)/(1/10). Let v be (-70)/(-4) - (-6)/(-4). Calculate the greatest common divisor of v and l.
4
Let i be (-16536)/260*50/(-3). What is the highest common factor of i and 120?
20
Suppose 0 = 2*v + 8, -4*v - 7 - 9 = -3*r. Suppose i - 2*p - 9 = r, -i + 5*p + 7 = 4*p. Calculate the highest common factor of 205 and i.
5
Let d = -132 - -134. Let k be 17/7 - (10/7 + -1). Suppose -k*t = 0, 5*t - 3 = -5*u + 27. Calculate the highest common factor of d and u.
2
Let d = -3587 - -6515. Calculate the greatest common divisor of 54 and d.
6
Let x be 21/3*1912/28. Let u = -338 + x. Calculate the greatest common factor of u and 20.
20
Suppose -r + 5*i = -137 + 78, -152 = -2*r - 7*i. Calculate the highest common divisor of r and 4968.
69
Let x(i) = i**2 - 110. Let z be x(18). Suppose -8*h = -3526 + z. Calculate the highest common factor of 46 and h.
46
Let t be -88*(-1 + -1)*2. Suppose 79 = -7*a + t. Suppose 3*x = 2*h + 312, -a = x + 4*h - 143. Calculate the greatest common factor of 13 and x.
13
Let i = 25 - 23. Suppose -i*p = -13 + 3. Suppose p*z - 8 = z. Calculate the highest common divisor of z and 10.
2
Suppose 0 = 224*f - 361*f + 5480. Let l be (-3968)/(-44) - (-8)/(-44). What is the greatest common factor of f and l?
10
Suppose -16*u + 9*u = 1029. Let i = -131 - u. What is the highest common divisor of i and 28?
4
Suppose 0 = 5*f + 4*l - 679, -3*f - l + 0*l = -413. Let c = 169 - f. Calculate the highest common divisor of 54 and c.
6
Let g = -3268 - -4236. What is the highest common factor of g and 33?
11
Let l(v) = -v**2 + 18*v - 60. Let r be 8/76 - (-224)/38. Let o be l(r). What is the greatest common factor of 66 and o?
6
Let t(b) = 28*b**2 - 13*b - 36. Let o be t(-4). What is the highest common factor of o and 1276?
116
Suppose -3*o - 2*y + 270 - 59 = 0, 0 = 4*o + 2*y - 280. Calculate the greatest common divisor of o and 161.
23
Suppose -14 = -5*g + 46. Suppose 20*h - 7*h + 4*h - 408 = 0. Calculate the highest common factor of h and g.
12
Let d be (2 - -1)*(-40)/(-6). Let q = -18 - -27. Suppose -14 - 256 = -q*l. What is the highest common divisor of l and d?
10
Suppose 0*h - 20 = -5*h. Suppose -h*y + 64 = -0*y. Let x be (-711)/(-180) - 2/(-40). What is the greatest common divisor of y and x?
4
Let b = 5139 - 5134. Calculate the greatest common factor of 4995 and b.
5
Suppose 0 - 1 = -4*t - m, 0 = -3*t - 2*m - 3. Suppose 3 + t = d. Suppose -r + d = r, 4*a = 5*r + 158. Calculate the highest common factor of a and 6.
6
Suppose -26 = -d - 6. Let x(w) = -w**2 + 2. Let i be x(2). Let r be -2*(-113 - i) + 1 + -3. What is the highest common factor of r and d?
20
Suppose -2*p = 5*z - 42, p + 366*z = 363*z + 20. Suppose -7*a = -4*a + 12, 3*u = 4*a + 94. What is the greatest common factor of p and u?
26
Let l(z) = 5*z**2 - 157*z + 476. Let v be l(41). What is the greatest common divisor of 104 and v?
52
Let t be 24/9 - (-1)/3. Let v(c) = c**2 - 8*c + 2*c - t*c - c - 10. Let u be v(12). Calculate the highest common divisor of 7 and u.
7
Suppose -254176 = -145*u - 2166. What is the highest common factor of 22 and u?
22
Suppose 10*b = 4*b. Suppose -4*r + 4*h + 5 - 1 = b, 0 = -r - h + 7. Suppose 4*i = 7*i + r*o - 26, 3*o + 23 = 2*i. What is the highest common divisor of 2 and i?
2
Let n = -4423 - -4435. What is the greatest common divisor of 144 and n?
12
Let l = -984 - -4746. Calculate the highest common divisor of 44 and l.
22
Let b(t) = -6*t - 15. Let c be (-4)/(-3)*(-72)/16. Let j be b(c). Let h(v) = 52*v + 1. Let u be h(2). What is the greatest common factor of j and u?
21
Suppose 55 = 3*s + 58, 2*n = -s + 3535. Calculate the highest common factor of 416 and n.
104
Let x(j) = -11*j**3 - 2*j**2 - 2*j - 1. Let k be x(-1). Let t be (-18)/30 + (-194)/k. Let b = 10 - t. What is the greatest common divisor of 20 and b?
10
Let m = 2341 + -2233. Suppose -215 = -4*i - 5*b, -5*i + 3*i - 5*b + 95 = 0. What is the greatest common divisor of m and i?
12
Let n(w) = -w**2 - 2*w + 14. Let x be n(-5). Let r(t) = t + 1. Let b be r(11). Let g = b - x. What is the greatest common divisor of 117 and g?
13
Suppose 0*a - a + 1245 = 0. Suppose -753 = -3*l + n, -5*l + a = -0*l - 5*n. Calculate the highest common divisor of 63 and l.
63
Let m be (5 + 7 - 2) + 9 + 133. Calculate the greatest common factor of 1160 and m.
8
Suppose -107*f + 119*f - 1548 = 0. Calculate the greatest common factor of f and 817.
43
Let r = 100 - 82. Let d(t) = 7*t + 528. Let w be d(-42). Calculate the greatest common factor of w and r.
18
Let z = 2293 - 2101. What is the highest common divisor of 216 and z?
24
Let y(s) = -338*s - 7549. Let p be y(-65). What is the highest common factor of p and 44?
11
Let t be 8/80*84*10. Calculate the highest common divisor of t and 1596.
84
Let d(w) = -46*w - 375. Let a be d(-29). Calculate the greatest common divisor of a and 21.
7
Suppose 0 + 8 = -2*g + 5*x, -14 = -4*g - 5*x. What is the highest common divisor of 29 and g?
1
Suppose -92*f - 56 = -792. What is the greatest common divisor of 2984 and f?
8
Let n be 110*(12/(-10) - -2). Let l be 1 - (11*-4 - -1). Calculate the greatest common factor of l and n.
44
Let r(g) = 4*g - 22 - 31 + 111. Let f be r(-9). Let v = 70 - 15. Calculate the greatest common factor of f and v.
11
Let s(m) = -3*m**3 + 132*m**2 + 2*m + 556. Let c be s(44). Calculate the highest common divisor of c and 1472.
92
Let q(f) = 3*f**3 + 8*f**2 - 6*f - 3. Let m be q(7). Suppose -m = -23*b + 19*b. Suppose -2*x = -b + 22. What is the highest common divisor of x and 23?
23
Let y be ((-1032)/(-10))/(60/150). What is the greatest common divisor of y and 5547?
129
Let t(b) = -b**3 + 10*b**2 - 9*b - 20. Let o be t(6). Let g be (-2 + -528)*(-28)/o. Calculate the greatest common factor of 53 and g.
53
Suppose -2*r - 3*k = -69, -29 = -3*r - k + 71. Let m be 121 + 11/(r/(-6)). Calculate the highest common factor of 17 and m.
17
Let l(m) = 6*m + 52. Let v be l(-8). Let j(z) = z**2 - 11 + 12 + 12*z - v*z. Let h be j(-9). Calculate the greatest common divisor of h and 10.
10
Suppose 0 = 3*r - s - 223, -r + 13*s - 18*s = -85. What is the highest common divisor of 11